 s(i) = 6*i**2 + 2*i + 7. Let k be s(-5). Let x = p - k. What is the units digit of x?
9
Let w(n) = -49*n**3 + 2*n**2 + 13*n + 12. Let f = 359 + -360. What is the units digit of w(f)?
0
Suppose -d - 4*d + 20 = 0. Suppose d*i + 1 = 53. Suppose -i*n + 14*n = 107. What is the hundreds digit of n?
1
Let q(s) = -s**3 + 15*s**2 + 7*s - 4. Let v(i) = 2*i**2 + 17*i - 29. Let k be v(2). What is the hundreds digit of q(k)?
4
Let k(v) = -2*v - 2. Suppose -6*m = 37 - 13. Let i be k(m). Let h = i - -51. What is the units digit of h?
7
Suppose -8*l - 174 - 178 = 0. Let y = l - -91. Suppose -135 + y = -4*n. What is the tens digit of n?
2
Suppose 1235*l + 272080 = 1239*l. What is the hundreds digit of l?
0
Suppose 0 = g + 3*m - 6244, 6*g + 31237 = 11*g - 2*m. What is the units digit of g?
7
Suppose -4*p + 12 = 0, -5*a + 3*p = -3*a + 5. Let k be (5/(-2) + a)*8. Let z = k + 168. What is the hundreds digit of z?
1
Let i(r) = -r**2 - 32*r + 11. Let n be 5 + (1 - 4) + 1733. Let y be (2/(-3))/(-5 - n/(-345)). What is the units digit of i(y)?
8
Let t = -8513 - -9160. What is the units digit of t?
7
What is the hundreds digit of (-7 + 2)*(-2 - (-8735)/(-25))?
7
Let c = 5200 + -2073. What is the units digit of c?
7
Let v(a) = -a**3 - 9*a**2 - 16*a - 6. Let c be v(-7). Let s be 134 + ((-3)/2)/(6/c). Let f = -57 + s. What is the units digit of f?
5
Suppose -5*k - r = -624, -2*k + 3*r - 54 = -307. Suppose -14*z + 583 = -229. Let t = k - z. What is the tens digit of t?
6
Let m(r) = -2*r**3 + r**2 + 2*r + 2. Let a be m(0). What is the hundreds digit of (-6)/a - (-9 - (335 - 1))?
3
Let l be (-5*346)/(-5) - 2. Suppose -586 - l = -z. Suppose 0 = -15*d + 21*d - z. What is the tens digit of d?
5
Let i(k) = -3*k**2 - k + 1. Let w(l) = -70*l**2 + 8*l - 5. Let j(v) = -6*i(v) - w(v). What is the hundreds digit of j(2)?
3
Let h be -1 + 5/10 - 18/(-4). Let x be ((-2)/h)/(10/(-20)) - -17. Suppose 9*n = x*n - 2709. What is the hundreds digit of n?
3
Let x = -130 - -128. Let l(a) = -a**3 - 2*a**2 + 3*a + 2. Let h be l(x). What is the tens digit of (42/h)/(25/(-50))?
2
Suppose -15 = -14*n + 83. Suppose -2*k + 494 = -4*v, -n*v + 3*v - 1211 = -5*k. What is the tens digit of k?
3
Suppose -5*f + 101 - 41 = 0. Suppose -f*y = -17*y - 170. Let m = 50 + y. What is the tens digit of m?
1
Let x(y) = -y**3 + 4*y**2 + 6*y - 11. Let j be x(5). Let f = j - -22. Let g(p) = 3*p + 14. What is the units digit of g(f)?
2
Let h(u) = 66*u**2 - 21*u - 122. What is the units digit of h(-11)?
5
Let m be (-6 - (-1 - 0))*-1. Let s(t) = 9*t + 259. Let f be s(-28). Suppose o + q = m, -2*o + q - 29 = -f*o. What is the units digit of o?
6
Let o(m) = 22*m - 14. Let h be o(2). Suppose -54 - 486 = -h*f. What is the tens digit of f?
1
Let t be (-34)/(-17) + 0 + 1. Suppose -4*w = -5*n + 1466, t*w - 278 = 13*n - 14*n. What is the units digit of n?
0
Let q(o) = 2*o**2 - o + 113. Suppose 0 = -3*c + 15, 2*j + 3*j = 5*c - 25. Let v be q(j). Let i = 179 - v. What is the tens digit of i?
6
Suppose 25*g = 29*g + 92. Let c(f) = f**2 + 14*f - 4. What is the units digit of c(g)?
3
Suppose 176526 = -3758*i + 3767*i. What is the thousands digit of i?
9
Let a be (19/(228/8))/(4/4818). Let z = a - 548. What is the units digit of z?
5
Let w(s) = 9*s - 10. Let x(m) = 43*m - 42. Let b(a) = -22*a + 21. Let k(d) = 5*b(d) + 3*x(d). Let p(y) = -6*k(y) + 14*w(y). What is the hundreds digit of p(14)?
1
Suppose r = 2*s - 4109, 0 = 3*s + 2*s - r - 10280. Suppose s = 4*h - 1927. What is the hundreds digit of h?
9
Let x(j) = j**2 - 22*j + 26. Let h be x(21). Suppose 1149 + 1716 = 5*q. What is the units digit of h/(-10) + q/6?
5
Let b = -29 + 37. Suppose -2*n + 2*i - 344 = 0, 3*i - b = -i. What is the tens digit of -56*(n/35 - -4)?
4
Let t = -352 - -884. Suppose 0 = 2*k - 6*k + t. What is the units digit of k?
3
Let m(o) = o**3 + 11*o**2 + o + 16. Let k be m(-11). Suppose 0 = a + 3*a - 3*d + 324, -3*a - 272 = k*d. Let j = -23 - a. What is the tens digit of j?
6
Let r be 16/20*(-5390)/(-4) - 0. Suppose r = 3*o - 26. Let t = o + -241. What is the units digit of t?
7
What is the units digit of -2*((-563022)/12)/31?
7
Suppose -13 = 4*b - 3*j + 143, j = b + 39. Let h = -44 - b. Let r(s) = -28*s - 23. What is the hundreds digit of r(h)?
1
What is the hundreds digit of (-5 - -11) + 13109 - 14?
1
Let u be (1*1272)/(-3) - (-4 + 9). Let h = -172 - u. What is the tens digit of h?
5
Let r be 183/(-5) - (-27)/45. What is the tens digit of 426 - -1*r/(-6)?
3
Let z(o) = -173*o + 901. What is the hundreds digit of z(-89)?
2
Suppose -27*p = -50356 - 1705311 + 15382. What is the thousands digit of p?
4
Let f(q) = q**3 - 15*q**2 + 24*q - 19. Let c be f(13). What is the tens digit of (699*(-3)/c)/(1/5)?
3
Let p(k) = -k**3 + 28*k**2 + 23*k - 33. Let d be p(29). Let y = d - -208. What is the units digit of y?
1
What is the units digit of -12 + 1 + (21957 - 5)?
1
Let m = -169 - -288. Suppose -5*i + m - 54 = 0. Suppose -i*t = -2614 - 272. What is the hundreds digit of t?
2
Let v(k) = 76*k**2 - 19*k + 101. Let q = 258 - 254. What is the tens digit of v(q)?
4
Let x(j) = j**2 - 6*j - 38. Let m be x(10). What is the units digit of (-5)/m*(-2680)/50?
4
Suppose 4*a = h + 87761, -66*h + 67*h - 7 = 0. What is the tens digit of a?
4
Suppose 25*x - 192821 - 56354 = 0. What is the hundreds digit of x?
9
Let y(g) = 318*g + 1655. What is the units digit of y(15)?
5
Let q(w) = 4*w - 172. Let b be q(43). Suppose 9*u + s = 4*u + 688, b = 4*u - 5*s - 562. What is the tens digit of u?
3
Let d(n) = -n**3 + 8*n**2 - 16*n - 1. Let g be d(2). What is the units digit of ((-2583)/(-14))/g*(0 + -32)?
6
Suppose -2*a = m - 14, 4*m = a + 18 - 7. Suppose -m*b - 381 = -2*v + 43, 4*b = -2*v + 400. What is the units digit of v?
6
Let g = -70 - -74. Suppose -4*t + 3*l + 14351 = 0, -g*t - 2*l + 14326 = -0*l. Suppose -11*s = 3*s - t. What is the hundreds digit of s?
2
Let c be 4/6*9 + -3. Suppose 0 = c*p - 24 - 87. Let k = p - 31. What is the units digit of k?
6
Let h(y) = 1610*y**2 + 66*y - 31. What is the hundreds digit of h(-2)?
2
Let k = -31107 + 36727. What is the tens digit of k?
2
Let t(d) = -d**3 + 104*d**2 + 184*d + 842. What is the thousands digit of t(105)?
9
Let g be 0 - -8 - 15/20*4. Suppose -g*a - 140 = -n, -4*n + 3*a = -361 - 148. What is the tens digit of n?
2
Let p(y) = y**2 + 18*y + 8. Let i be p(-18). What is the tens digit of (15 - 0)*((43 - i) + 10)?
7
Let k = 18 - -2. Suppose -k*x = -19*x - 281. What is the tens digit of x?
8
Let u(k) = -217*k - 727. What is the thousands digit of u(-33)?
6
Let l = -24188 - -50595. What is the ten thousands digit of l?
2
Let a(u) be the first derivative of 4*u**3 + 6*u**2 + 18*u - 1/4*u**4 + 32. What is the units digit of a(13)?
5
Let u be ((-24)/7)/(90/945). What is the tens digit of (-26226)/u + (-1)/(-2)?
2
Suppose -5*o = -4*o - 3. Let s(h) = -3*h**o - 5*h**2 + 2*h**3 - 2*h**2 + 0*h**3 + 3 + 3*h. What is the units digit of s(-8)?
3
Let r = -12464 - -24228. What is the ten thousands digit of r?
1
Let l(a) = a**3 - 5*a**2 + 3*a - 5. Let p be l(4). Let m(z) = z**3 + 10*z**2 + 11*z + 20. Let d be m(p). Let b(k) = 13*k + 12. What is the tens digit of b(d)?
3
Let l = 54 + -61. Let r be 2/(-2) - (3 + l). Suppose 0*b + 3*b = -3*q + 189, r*q = 0. What is the tens digit of b?
6
Suppose -14070 = -3*q - x + 28861, 3*q + 3*x - 42933 = 0. What is the thousands digit of q?
4
Let q(w) = w**2 - w - 3. Let y be q(3). Suppose z = 2*s + 1, -s + 5*s + y*z - 3 = 0. Suppose -56 = -s*v - 2*v. What is the units digit of v?
8
Let w(j) be the third derivative of j**5/30 - 7*j**4/12 + 34*j**3/3 - 3*j**2 + 21. What is the hundreds digit of w(12)?
1
Suppose 164*r = 229*r - 345605. What is the thousands digit of r?
5
Let v = 75303 + -50315. What is the thousands digit of v?
4
Suppose 0 = -2*q - 4*c + 26, 2*c - 21 = -5*q + 3*c. Let r be (5/(-15))/(q/(-105)). Let b = 37 - r. What is the tens digit of b?
3
Let y be 6/3*(2 - 21/(-6)). Suppose -29 = y*q - 2493. What is the tens digit of q?
2
Suppose 0 = -26*n + 9*n. Suppose n = -34*y + 9353 + 269. What is the hundreds digit of y?
2
Let q(z) = -1168*z + 1579. What is the ten thousands digit of q(-22)?
2
Suppose 51277*u - 592591 = 51258*u. What is the hundreds digit of u?
1
Suppose 8*b + 2190 = 3*b. Let v = 806 + b. Suppose 6*r - 2*